{"id":66,"date":"2024-10-31T07:35:27","date_gmt":"2024-10-31T07:35:27","guid":{"rendered":"https:\/\/zdrowielegionowo.pl\/?page_id=66"},"modified":"2024-10-31T07:42:50","modified_gmt":"2024-10-31T07:42:50","slug":"elektroterapia","status":"publish","type":"page","link":"https:\/\/zdrowielegionowo.pl\/index.php\/elektroterapia\/","title":{"rendered":"Elektroterapia"},"content":{"rendered":"\t\t<div data-elementor-type=\"wp-page\" data-elementor-id=\"66\" class=\"elementor elementor-66\" data-elementor-post-type=\"page\">\n\t\t\t\t<div class=\"elementor-element elementor-element-f0026e3 e-con-full e-flex e-con e-parent\" data-id=\"f0026e3\" data-element_type=\"container\" data-e-type=\"container\">\n\t\t\t\t<div class=\"elementor-element elementor-element-d320856 elementor-widget__width-inherit elementor-widget elementor-widget-text-editor\" data-id=\"d320856\" data-element_type=\"widget\" data-e-type=\"widget\" data-widget_type=\"text-editor.default\">\n\t\t\t\t<div class=\"elementor-widget-container\">\n\t\t\t\t\t\t\t\t\t<p><strong><img fetchpriority=\"high\" decoding=\"async\" class=\"size-medium wp-image-68 alignleft\" src=\"http:\/\/zdrowielegionowo.pl\/wp-content\/uploads\/2024\/08\/1224-300x200.jpg\" alt=\"\" width=\"300\" height=\"200\" srcset=\"https:\/\/zdrowielegionowo.pl\/wp-content\/uploads\/2024\/08\/1224-300x200.jpg 300w, https:\/\/zdrowielegionowo.pl\/wp-content\/uploads\/2024\/08\/1224-768x512.jpg 768w, https:\/\/zdrowielegionowo.pl\/wp-content\/uploads\/2024\/08\/1224.jpg 1000w\" sizes=\"(max-width: 300px) 100vw, 300px\" \/>Elektroterapia<\/strong> to popularna i efektywna metoda rehabilitacji, kt\u00f3rej celem jest b\u00f3l, regeneracja mi\u0119\u015bni i poprawa kr\u0105\u017cenia krwi. Dzi\u0119ki zastosowaniu inteligentnych urz\u0105dze\u0144, gabinet rehabilitacyjny oferuje szeroki zakres zastosowa\u0144 elektroterapeutycznych, kt\u00f3re s\u0105 dost\u0119pne dla indywidualnych potrzeb u\u017cytkownik\u00f3w.\u00a0<\/p><p><strong>TENS<\/strong> (Przezsk\u00f3rna Elektryczna Stymulacja Nerw\u00f3w) &#8211;\u00a0<span style=\"color: var( --e-global-color-text ); font-family: var( --e-global-typography-text-font-family ), Sans-serif; font-weight: var( --e-global-typography-text-font-weight ); text-align: var(--text-align); font-size: 1rem;\">jest jedn\u0105 z najcz\u0119stszych metod elektroterapii w \u017ar\u00f3d\u0142ach b\u00f3lu. Polega na zastosowaniu impuls\u00f3w elektrycznych o cz\u0119stotliwo\u015bci, kt\u00f3re dzia\u0142aj\u0105 na nerwy, blokuj\u0105c sygna\u0142y b\u00f3lowe przes\u0142ane do m\u00f3zgu. Zabieg ten pomaga w leczeniu dolegliwo\u015bci zwi\u0105zanych z chorobami reumatycznymi, b\u00f3lem czy nerwob\u00f3lami.<\/span><\/p><p><strong>Galwanizacja<\/strong>\u00a0<span style=\"color: var( --e-global-color-text ); font-family: var( --e-global-typography-text-font-family ), Sans-serif; font-weight: var( --e-global-typography-text-font-weight ); text-align: var(--text-align); font-size: 1rem;\">to metoda polegaj\u0105ca na zasilaniu pr\u0105dem przemiennym. Dzi\u0119ki temu, \u017ce proces jest zaawansowany, mechanizm ukrwienia oraz przyspieszenie procesu metabolicznego w mechanizmach. Galwanizacja jest szczeg\u00f3lnie polecana pacjentom z zespo\u0142ami b\u00f3lowymi, nerwob\u00f3lami oraz po urazach narz\u0105du ruchu.<\/span><\/p><p><span style=\"color: var( --e-global-color-text ); font-family: var( --e-global-typography-text-font-family ), Sans-serif; font-weight: var( --e-global-typography-text-font-weight ); text-align: var(--text-align); font-size: 1rem;\"><strong>Jonoforeza<\/strong> do zastosowania elektroterapii, umo\u017cliwia wy\u0142\u0105czenie zasilania przez zasilanie pr\u0105dem sta\u0142ym. Dost\u0119pno\u015b\u0107 istnieje mo\u017cliwo\u015b\u0107 zastosowania rozwi\u0105zania leczniczego w miejscu leczenia lub stanu chorobowego. Jonoforeza jest szczeg\u00f3lnie skuteczna przy stanach zapalnych, b\u00f3lu i obrz\u0119kach.<\/span><\/p><p><strong>Stymulacja Kotza<\/strong> to metoda dzia\u0142aj\u0105ca na pr\u0105dach o \u015bredniej cz\u0119stotliwo\u015bci, kt\u00f3re skutecznie pobudzaj\u0105 mi\u0119\u015bnie. Jest to terapia, kt\u00f3ra wspomaga dzia\u0142anie fizyczne, a tak\u017ce ich u\u017cycie, co jest szczeg\u00f3lnie istotne po zako\u0144czeniu unieruchomieniu lub kontuzjach.<\/p><p><strong>Pr\u0105d Traberta<\/strong>, czyli pr\u0105d o cz\u0119stotliwo\u015bci 143 Hz, charakter jest silnym przeciwb\u00f3lowym oraz wzmacniaj\u0105cym. Zabieg ten cz\u0119sto stosuje si\u0119 u pacjent\u00f3w z b\u00f3lami fizycznymi, skurczami mi\u0119\u015bniowymi lub b\u00f3lem mi\u0119\u015bniowo-powi\u0119ziowym.<\/p><p><strong>Pr\u0105dy Interferencyjne<\/strong>\u00a0to metoda elektroterapii, kt\u00f3ra jest stosowana dwa razy, stosuj\u0105c pr\u0105dy o r\u00f3\u017cnych cz\u0119stotliwo\u015bciach, kt\u00f3re zapewniaj\u0105 efekt terapeutyczny w g\u0142\u0119bszych filtrach. Zabieg ten jest alternatywny w celu leczenia b\u00f3lu, kr\u0105\u017cenia oraz stymulacji mi\u0119\u015bni g\u0142\u0119bokich.<\/p><p><strong>Pr\u0105dy diadynamiczne<\/strong> to technika, kt\u00f3ra wykorzystuje r\u00f3\u017cne funkcjonalne impulsy, w tym sinusoidalne i pulsacyjne. Zabieg ten pomaga w leczeniu b\u00f3lu i jest nast\u0119pstwem b\u00f3lu pourazowego, nerwob\u00f3l\u00f3w i stan\u00f3w zapalnych mi\u0119\u015bni i staw\u00f3w.<\/p><p><strong>Stymulacja mi\u0119\u015bni<\/strong>\u00a0za pomoc\u0105 pr\u0105du jest skutkiem procesu rehabilitacji, szczeg\u00f3lnie dla pacjent\u00f3w z mi\u0119\u015bniowym lub po zastosowaniu unieruchomieniu. Ten zabieg pomaga w przywr\u00f3ceniu si\u0142y i masy mi\u0119\u015bniowej oraz poprawia konfiguracj\u0119 uk\u0142adu mi\u0119\u015bniowego.<\/p><p>Ka\u017cdy z element\u00f3w elektroterapii jest dost\u0119pny w naszej ofercie jest prowadzony przez wykwalifikowany personel, kt\u00f3ry obejmuje parametry \u017ar\u00f3d\u0142a pr\u0105du oraz czas leczenia, kt\u00f3ry zapewnia najlepsze efekty. Dost\u0119pne w zestawie rozwi\u0105zania elektroterapeutyczne, kt\u00f3re mog\u0105 by\u0107 dost\u0119pne na wsparcie w walce z b\u00f3lem, dost\u0119p i szybki powr\u00f3t do pe\u0142nej funkcjonalno\u015bci. Zapraszamy do zapoznania si\u0119 z naszymi ofertami i us\u0142ugami internetowymi, aby znale\u017a\u0107 nazw\u0119 metody leczenia.<\/p>\t\t\t\t\t\t\t\t<\/div>\n\t\t\t\t<\/div>\n\t\t\t\t<\/div>\n\t\t<div class=\"elementor-element elementor-element-858ba70 e-con-full e-flex e-con e-parent\" data-id=\"858ba70\" data-element_type=\"container\" data-e-type=\"container\">\n\t\t\t\t<\/div>\n\t\t\t\t<\/div>\n\t\t","protected":false},"excerpt":{"rendered":"<p>Elektroterapia to popularna i efektywna metoda rehabilitacji, kt\u00f3rej celem jest b\u00f3l, regeneracja mi\u0119\u015bni i poprawa kr\u0105\u017cenia krwi. Dzi\u0119ki zastosowaniu inteligentnych urz\u0105dze\u0144, gabinet rehabilitacyjny oferuje szeroki zakres zastosowa\u0144 elektroterapeutycznych, kt\u00f3re s\u0105 dost\u0119pne dla indywidualnych potrzeb u\u017cytkownik\u00f3w.\u00a0 TENS (Przezsk\u00f3rna Elektryczna Stymulacja Nerw\u00f3w) &#8211;\u00a0jest jedn\u0105 z najcz\u0119stszych metod elektroterapii w \u017ar\u00f3d\u0142ach b\u00f3lu. Polega na zastosowaniu impuls\u00f3w elektrycznych o [&hellip;]<\/p>\n","protected":false},"author":1,"featured_media":0,"parent":0,"menu_order":0,"comment_status":"closed","ping_status":"closed","template":"elementor_header_footer","meta":{"footnotes":""},"class_list":["post-66","page","type-page","status-publish","hentry"],"_links":{"self":[{"href":"https:\/\/zdrowielegionowo.pl\/index.php\/wp-json\/wp\/v2\/pages\/66","targetHints":{"allow":["GET"]}}],"collection":[{"href":"https:\/\/zdrowielegionowo.pl\/index.php\/wp-json\/wp\/v2\/pages"}],"about":[{"href":"https:\/\/zdrowielegionowo.pl\/index.php\/wp-json\/wp\/v2\/types\/page"}],"author":[{"embeddable":true,"href":"https:\/\/zdrowielegionowo.pl\/index.php\/wp-json\/wp\/v2\/users\/1"}],"replies":[{"embeddable":true,"href":"https:\/\/zdrowielegionowo.pl\/index.php\/wp-json\/wp\/v2\/comments?post=66"}],"version-history":[{"count":6,"href":"https:\/\/zdrowielegionowo.pl\/index.php\/wp-json\/wp\/v2\/pages\/66\/revisions"}],"predecessor-version":[{"id":75,"href":"https:\/\/zdrowielegionowo.pl\/index.php\/wp-json\/wp\/v2\/pages\/66\/revisions\/75"}],"wp:attachment":[{"href":"https:\/\/zdrowielegionowo.pl\/index.php\/wp-json\/wp\/v2\/media?parent=66"}],"curies":[{"name":"wp","href":"https:\/\/api.w.org\/{rel}","templated":true}]}}