{"id":129,"date":"2024-11-03T20:04:18","date_gmt":"2024-11-03T20:04:18","guid":{"rendered":"https:\/\/zdrowielegionowo.pl\/?page_id=129"},"modified":"2024-11-03T20:04:18","modified_gmt":"2024-11-03T20:04:18","slug":"ultradzwieki","status":"publish","type":"page","link":"https:\/\/zdrowielegionowo.pl\/index.php\/ultradzwieki\/","title":{"rendered":"Ultrad\u017awi\u0119ki"},"content":{"rendered":"<p>Ultrad\u017awi\u0119ki w rehabilitacji s\u0105 drganiami o cz\u0119stotliwo\u015bci wy\u017cszej ni\u017c 20 000 Hz (d\u017awi\u0119ki s\u0105 nies\u0142yszalne dla ludzkiego ucha). W fizykoterapii przewa\u017cnie stosuje si\u0119 cz\u0119stotliwo\u015b\u0107 0,8 \u2013 3 MHz. Zabieg ultrad\u017awi\u0119kami aktywuje kom\u00f3rki odpowiedzialne za produkcj\u0119 elastyny i kolagenu. Ultrad\u017awi\u0119ki maj\u0105 dzia\u0142anie m.in. przeciwb\u00f3lowe, przeciwzapalne, zmniejszaj\u0105 napi\u0119cia mi\u0119\u015bni, przy\u015bpieszaj\u0105 przep\u0142yw limfy w naczyniach limfatycznych, zwi\u0119kszaj\u0105 procesy wch\u0142aniania oraz przy\u015bpieszaj\u0105 gojenie si\u0119 ran (tkanek mi\u0119kkich oraz tkanek kostnych).<\/p>\n<p>G\u0142\u00f3wne wskazania do wykorzystywania ultrad\u017awi\u0119k\u00f3w w fizjoterapii to:<\/p>\n<ul>\n<li>wspomaganie proces\u00f3w regeneracyjnych uszkodzonych tkanek<\/li>\n<li>choroby zwyrodnieniowe staw\u00f3w<\/li>\n<li>leczenie obrz\u0119k\u00f3w o charakterze limfatycznym<\/li>\n<li>leczenie przykurcz\u00f3w<\/li>\n<li>choroby o pod\u0142o\u017cu reumatoidalnym<\/li>\n<li>ograniczenia ruchomo\u015bci staw\u00f3w spowodowane przykurczem m.in torebki stawowej, wi\u0119zade\u0142<\/li>\n<\/ul>\n<p>Terapia ultrad\u017awi\u0119kowa (okre\u015blana tak\u017ce jako sonoterapia, fonoterapia, ultrasonoterapia albo ultrafonoterapia) polega na oddzia\u0142ywaniu poprzez sk\u00f3r\u0119 na g\u0142\u0119biej po\u0142o\u017cone struktury cia\u0142a fali ultrad\u017awi\u0119kowej (fali mechanicznej, akustycznej, o\u00a0cz\u0119stotliwo\u015bci powy\u017cej granicy s\u0142yszalno\u015bci), w\u00a0celu uzyskania efekt\u00f3w terapeutycznych, przede wszystkim efektu przeciwb\u00f3lowego i\u00a0stymulacji kom\u00f3rkowych proces\u00f3w naprawczych, poprzez wywo\u0142ywanie zjawisk fizjologicznych spowodowanych dzia\u0142aniami termicznymi (cieplnymi) i\u00a0atermicznymi (g\u0142\u00f3wnie mechanicznymi).<\/p>\n","protected":false},"excerpt":{"rendered":"<p>Ultrad\u017awi\u0119ki w rehabilitacji s\u0105 drganiami o cz\u0119stotliwo\u015bci wy\u017cszej ni\u017c 20 000 Hz (d\u017awi\u0119ki s\u0105 nies\u0142yszalne dla ludzkiego ucha). W fizykoterapii przewa\u017cnie stosuje si\u0119 cz\u0119stotliwo\u015b\u0107 0,8 \u2013 3 MHz. Zabieg ultrad\u017awi\u0119kami aktywuje kom\u00f3rki odpowiedzialne za produkcj\u0119 elastyny i kolagenu. Ultrad\u017awi\u0119ki maj\u0105 dzia\u0142anie m.in. przeciwb\u00f3lowe, przeciwzapalne, zmniejszaj\u0105 napi\u0119cia mi\u0119\u015bni, przy\u015bpieszaj\u0105 przep\u0142yw limfy w naczyniach limfatycznych, zwi\u0119kszaj\u0105 procesy [&hellip;]<\/p>\n","protected":false},"author":1,"featured_media":0,"parent":0,"menu_order":0,"comment_status":"closed","ping_status":"closed","template":"","meta":{"footnotes":""},"class_list":["post-129","page","type-page","status-publish","hentry"],"_links":{"self":[{"href":"https:\/\/zdrowielegionowo.pl\/index.php\/wp-json\/wp\/v2\/pages\/129","targetHints":{"allow":["GET"]}}],"collection":[{"href":"https:\/\/zdrowielegionowo.pl\/index.php\/wp-json\/wp\/v2\/pages"}],"about":[{"href":"https:\/\/zdrowielegionowo.pl\/index.php\/wp-json\/wp\/v2\/types\/page"}],"author":[{"embeddable":true,"href":"https:\/\/zdrowielegionowo.pl\/index.php\/wp-json\/wp\/v2\/users\/1"}],"replies":[{"embeddable":true,"href":"https:\/\/zdrowielegionowo.pl\/index.php\/wp-json\/wp\/v2\/comments?post=129"}],"version-history":[{"count":1,"href":"https:\/\/zdrowielegionowo.pl\/index.php\/wp-json\/wp\/v2\/pages\/129\/revisions"}],"predecessor-version":[{"id":130,"href":"https:\/\/zdrowielegionowo.pl\/index.php\/wp-json\/wp\/v2\/pages\/129\/revisions\/130"}],"wp:attachment":[{"href":"https:\/\/zdrowielegionowo.pl\/index.php\/wp-json\/wp\/v2\/media?parent=129"}],"curies":[{"name":"wp","href":"https:\/\/api.w.org\/{rel}","templated":true}]}}